{"id":1535,"date":"2025-05-03T18:58:06","date_gmt":"2025-05-03T18:58:06","guid":{"rendered":"https:\/\/gigoit.de\/gigoit\/?page_id=1535"},"modified":"2025-05-03T19:01:26","modified_gmt":"2025-05-03T19:01:26","slug":"uber-mich-weiter-lesen","status":"publish","type":"page","link":"https:\/\/gigoit.de\/gigoit\/uber-mich-weiter-lesen","title":{"rendered":"\u00c3\u0153ber mich weiter lesen"},"content":{"rendered":"\t\t<div data-elementor-type=\"wp-page\" data-elementor-id=\"1535\" class=\"elementor elementor-1535\">\n\t\t\t\t<div class=\"elementor-element elementor-element-a0ffa71 e-flex e-con-boxed e-con e-parent\" data-id=\"a0ffa71\" data-element_type=\"container\" data-e-type=\"container\" data-settings=\"{&quot;background_background&quot;:&quot;classic&quot;}\">\n\t\t\t\t\t<div class=\"e-con-inner\">\n\t\t<div class=\"elementor-element elementor-element-9de5196 e-con-full e-flex e-con e-child\" data-id=\"9de5196\" data-element_type=\"container\" data-e-type=\"container\">\n\t\t\t\t<div class=\"elementor-element elementor-element-2679d83 elementor-widget elementor-widget-heading\" data-id=\"2679d83\" data-element_type=\"widget\" data-e-type=\"widget\" data-widget_type=\"heading.default\">\n\t\t\t\t<div class=\"elementor-widget-container\">\n\t\t\t\t\t<h1 class=\"elementor-heading-title elementor-size-default\">\u00dcber uns <\/h1>\t\t\t\t<\/div>\n\t\t\t\t<\/div>\n\t\t\t\t<div class=\"elementor-element elementor-element-fcc3f68 elementor-widget-divider--view-line elementor-widget elementor-widget-divider\" data-id=\"fcc3f68\" data-element_type=\"widget\" data-e-type=\"widget\" data-widget_type=\"divider.default\">\n\t\t\t\t<div class=\"elementor-widget-container\">\n\t\t\t\t\t\t\t<div class=\"elementor-divider\">\n\t\t\t<span class=\"elementor-divider-separator\">\n\t\t\t\t\t\t<\/span>\n\t\t<\/div>\n\t\t\t\t\t\t<\/div>\n\t\t\t\t<\/div>\n\t\t\t\t<\/div>\n\t\t\t\t\t<\/div>\n\t\t\t\t<\/div>\n\t\t<div class=\"elementor-element elementor-element-undefined-c07359e e-flex e-con-boxed e-con e-parent\" data-id=\"undefined-c07359e\" data-element_type=\"container\" data-e-type=\"container\">\n\t\t\t\t\t<div class=\"e-con-inner\">\n\t\t<div class=\"elementor-element elementor-element-undefined-83a8e53 e-con-full e-flex e-con e-child\" data-id=\"undefined-83a8e53\" data-element_type=\"container\" data-e-type=\"container\">\n\t\t\t\t<div class=\"elementor-element elementor-element-undefined-f2743b6 elementor-widget elementor-widget-heading\" data-id=\"undefined-f2743b6\" data-element_type=\"widget\" data-e-type=\"widget\" data-widget_type=\"heading.default\">\n\t\t\t\t<div class=\"elementor-widget-container\">\n\t\t\t\t\t<h2 class=\"elementor-heading-title elementor-size-default\">\u00dcber mich<\/h2>\t\t\t\t<\/div>\n\t\t\t\t<\/div>\n\t\t\t\t<div class=\"elementor-element elementor-element-undefined-e94c613 elementor-widget elementor-widget-text-editor\" data-id=\"undefined-e94c613\" data-element_type=\"widget\" data-e-type=\"widget\" data-widget_type=\"text-editor.default\">\n\t\t\t\t<div class=\"elementor-widget-container\">\n\t\t\t\t\t\t\t\t\t<p>Herzlich willkommen in meinem &#8222;\u00dcber mich&#8220;-Bereich! Ich bin George Achji, Ihr IT-Experte in Ludwigshafen am Rhein. Sie erreichen mich unter 0176 \/ 24927604 oder <a class=\"use-chat-gpt-ai--MuiTypography-root use-chat-gpt-ai--MuiTypography-inherit use-chat-gpt-ai--MuiLink-root use-chat-gpt-ai--MuiLink-underlineAlways use-chat-gpt-ai-emotion-cache-1c2zsxb\" href=\"mailto:george.achji@achji.de\" target=\"_blank\" rel=\"noopener\">george.achji@achji.de<\/a>.<\/p><p>Mit jahrelanger Erfahrung im IT-Support biete ich zuverl\u00e4ssige und professionelle IT-Dienstleistungen f\u00fcr Privatpersonen, kleine Unternehmen, L\u00e4den und Praxen in der Region Ludwigshafen an. Egal ob <strong>Rechnerreparatur, Webseitenerstellung f\u00fcr Private Personen und kleine Unternehmen, Backup-Systeme<\/strong> oder andere IT-Probleme \u2013 mein Ziel ist es, Ihre technischen Herausforderungen zu l\u00f6sen und Ihnen den R\u00fccken freizuhalten, damit Sie sich auf Ihr Kerngesch\u00e4ft konzentrieren k\u00f6nnen.<\/p><p>Mein Studium im Bereich Business-Management mit Schwerpunkt IT hat mir das n\u00f6tige Wissen vermittelt, um effektiv und zielorientiert zu arbeiten. Zuvor war ich als IT-Support Infrastruktur t\u00e4tig, wo ich umfassende Erfahrung in der Betreuung von Windows-Systemen, Netzwerken, Microsoft 365 und vielem mehr sammeln konnte.<\/p><p>Ich bringe starke PC-Kenntnisse, fundiertes Fachwissen und eine Leidenschaft f\u00fcr IT mit, um Ihnen den bestm\u00f6glichen Service zu bieten. Ich freue mich darauf, Sie bei Ihren IT-Projekten im Raum Mannheim\/Ludwigshafen zu unterst\u00fctzen! Kontaktieren Sie mich noch heute f\u00fcr eine unverbindliche Beratung!<\/p><p>Mit jahrelanger Erfahrung im IT-Support biete ich zuverl\u00e4ssige und professionelle IT-Dienstleistungen f\u00fcr Privatpersonen, kleine Unternehmen, L\u00e4den und Praxen in der Region Mannheim\/Ludwigshafen am Mein Ziel ist es, Ihre technischen Herausforderungen zu l\u00f6sen und Ihnen den R\u00fccken freizuhalten, damit Sie sich auf Ihr Kerngesch\u00e4ft konzentrieren k\u00f6nnen.<\/p><p>Mein Studium im Bereich Business-Management mit Schwerpunkt IT hat mir das n\u00f6tige Wissen vermittelt, um effektiv und zielorientiert zu arbeiten. Zuvor bin ich als IT-Support Infrastruktur t\u00e4tig, wo ich umfassende Erfahrung in der Betreuung von Windows-Systemen, Netzwerken, Microsoft 365 und vielem mehr sammeln konnte.<\/p><p>Ich bringe starke PC-Kenntnisse, fundiertes Fachwissen und eine Leidenschaft f\u00fcr IT mit, um Ihnen den bestm\u00f6glichen Service zu bieten. Ich freue mich darauf, Sie bei Ihren IT-Projekten zu unterst\u00fctzen!<\/p>\t\t\t\t\t\t\t\t<\/div>\n\t\t\t\t<\/div>\n\t\t\t\t<\/div>\n\t\t<div class=\"elementor-element elementor-element-undefined-a55cdbb e-con-full e-flex e-con e-child\" data-id=\"undefined-a55cdbb\" data-element_type=\"container\" data-e-type=\"container\">\n\t\t\t\t<div class=\"elementor-element elementor-element-undefined-8d74f17 elementor-widget elementor-widget-image\" data-id=\"undefined-8d74f17\" data-element_type=\"widget\" data-e-type=\"widget\" data-widget_type=\"image.default\">\n\t\t\t\t<div class=\"elementor-widget-container\">\n\t\t\t\t\t\t\t\t\t\t\t\t<figure class=\"wp-caption\">\n\t\t\t\t\t\t\t\t\t\t<img fetchpriority=\"high\" decoding=\"async\" width=\"652\" height=\"869\" src=\"https:\/\/gigoit.de\/gigoit\/wp-content\/uploads\/2025\/04\/Lebenslauf-Bild.jpg\" class=\"attachment-full size-full wp-image-94\" alt=\"\" srcset=\"https:\/\/gigoit.de\/gigoit\/wp-content\/uploads\/2025\/04\/Lebenslauf-Bild.jpg 652w, https:\/\/gigoit.de\/gigoit\/wp-content\/uploads\/2025\/04\/Lebenslauf-Bild-225x300.jpg 225w, https:\/\/gigoit.de\/gigoit\/wp-content\/uploads\/2025\/04\/Lebenslauf-Bild-600x800.jpg 600w\" sizes=\"(max-width: 652px) 100vw, 652px\" \/>\t\t\t\t\t\t\t\t\t\t\t<figcaption class=\"widget-image-caption wp-caption-text\"><\/figcaption>\n\t\t\t\t\t\t\t\t\t\t<\/figure>\n\t\t\t\t\t\t\t\t\t<\/div>\n\t\t\t\t<\/div>\n\t\t\t\t<div class=\"elementor-element elementor-element-23c51ef elementor-widget elementor-widget-text-editor\" data-id=\"23c51ef\" data-element_type=\"widget\" data-e-type=\"widget\" data-widget_type=\"text-editor.default\">\n\t\t\t\t<div class=\"elementor-widget-container\">\n\t\t\t\t\t\t\t\t\t<h4 style=\"text-align: center;\"><strong>George Achji<\/strong><br \/><strong>CEO<\/strong><br \/><strong>EMail Adresse: george.achji@achji.de<\/strong><\/h4>\t\t\t\t\t\t\t\t<\/div>\n\t\t\t\t<\/div>\n\t\t\t\t<\/div>\n\t\t\t\t\t<\/div>\n\t\t\t\t<\/div>\n\t\t\t\t<\/div>\n\t\t","protected":false},"excerpt":{"rendered":"<p>\u00c3\u0153ber uns \u00c3\u0153ber mich Herzlich willkommen in meinem &#8222;\u00c3\u0153ber mich&#8220;-Bereich! Ich bin George Achji, Ihr IT-Experte in Ludwigshafen am Rhein. [&hellip;]<\/p>\n","protected":false},"author":1,"featured_media":0,"parent":0,"menu_order":0,"comment_status":"closed","ping_status":"closed","template":"","meta":{"site-sidebar-layout":"no-sidebar","site-content-layout":"page-builder","ast-site-content-layout":"full-width-container","site-content-style":"unboxed","site-sidebar-style":"unboxed","ast-global-header-display":"","ast-banner-title-visibility":"","ast-main-header-display":"","ast-hfb-above-header-display":"","ast-hfb-below-header-display":"","ast-hfb-mobile-header-display":"","site-post-title":"disabled","ast-breadcrumbs-content":"disabled","ast-featured-img":"disabled","footer-sml-layout":"","ast-disable-related-posts":"","theme-transparent-header-meta":"enabled","adv-header-id-meta":"","stick-header-meta":"","header-above-stick-meta":"","header-main-stick-meta":"","header-below-stick-meta":"","astra-migrate-meta-layouts":"set","ast-page-background-enabled":"default","ast-page-background-meta":{"desktop":{"background-color":"","background-image":"","background-repeat":"repeat","background-position":"center center","background-size":"auto","background-attachment":"scroll","background-type":"","background-media":"","overlay-type":"","overlay-color":"","overlay-opacity":"","overlay-gradient":""},"tablet":{"background-color":"","background-image":"","background-repeat":"repeat","background-position":"center center","background-size":"auto","background-attachment":"scroll","background-type":"","background-media":"","overlay-type":"","overlay-color":"","overlay-opacity":"","overlay-gradient":""},"mobile":{"background-color":"","background-image":"","background-repeat":"repeat","background-position":"center center","background-size":"auto","background-attachment":"scroll","background-type":"","background-media":"","overlay-type":"","overlay-color":"","overlay-opacity":"","overlay-gradient":""}},"ast-content-background-meta":{"desktop":{"background-color":"var(--ast-global-color-5)","background-image":"","background-repeat":"repeat","background-position":"center center","background-size":"auto","background-attachment":"scroll","background-type":"","background-media":"","overlay-type":"","overlay-color":"","overlay-opacity":"","overlay-gradient":""},"tablet":{"background-color":"var(--ast-global-color-5)","background-image":"","background-repeat":"repeat","background-position":"center center","background-size":"auto","background-attachment":"scroll","background-type":"","background-media":"","overlay-type":"","overlay-color":"","overlay-opacity":"","overlay-gradient":""},"mobile":{"background-color":"var(--ast-global-color-5)","background-image":"","background-repeat":"repeat","background-position":"center center","background-size":"auto","background-attachment":"scroll","background-type":"","background-media":"","overlay-type":"","overlay-color":"","overlay-opacity":"","overlay-gradient":""}},"footnotes":""},"class_list":["post-1535","page","type-page","status-publish","hentry"],"_links":{"self":[{"href":"https:\/\/gigoit.de\/gigoit\/wp-json\/wp\/v2\/pages\/1535","targetHints":{"allow":["GET"]}}],"collection":[{"href":"https:\/\/gigoit.de\/gigoit\/wp-json\/wp\/v2\/pages"}],"about":[{"href":"https:\/\/gigoit.de\/gigoit\/wp-json\/wp\/v2\/types\/page"}],"author":[{"embeddable":true,"href":"https:\/\/gigoit.de\/gigoit\/wp-json\/wp\/v2\/users\/1"}],"replies":[{"embeddable":true,"href":"https:\/\/gigoit.de\/gigoit\/wp-json\/wp\/v2\/comments?post=1535"}],"version-history":[{"count":4,"href":"https:\/\/gigoit.de\/gigoit\/wp-json\/wp\/v2\/pages\/1535\/revisions"}],"predecessor-version":[{"id":1540,"href":"https:\/\/gigoit.de\/gigoit\/wp-json\/wp\/v2\/pages\/1535\/revisions\/1540"}],"wp:attachment":[{"href":"https:\/\/gigoit.de\/gigoit\/wp-json\/wp\/v2\/media?parent=1535"}],"curies":[{"name":"wp","href":"https:\/\/api.w.org\/{rel}","templated":true}]}}